en 7808 is divided by 124.
120
What is the remainder when 338 is divided by 182?
156
Calculate the remainder when 1795 is divided by 10.
5
What is the remainder when 176 is divided by 90?
86
What is the remainder when 199 is divided by 37?
14
What is the remainder when 1536 is divided by 1512?
24
What is the remainder when 944 is divided by 105?
104
What is the remainder when 194 is divided by 38?
4
Calculate the remainder when 72 is divided by 7.
2
Calculate the remainder when 3369 is divided by 1120.
9
What is the remainder when 179 is divided by 61?
57
Calculate the remainder when 7243 is divided by 115.
113
What is the remainder when 572 is divided by 97?
87
Calculate the remainder when 783 is divided by 14.
13
Calculate the remainder when 5041 is divided by 87.
82
Calculate the remainder when 279 is divided by 41.
33
What is the remainder when 95 is divided by 22?
7
What is the remainder when 65 is divided by 36?
29
Calculate the remainder when 130 is divided by 19.
16
What is the remainder when 1347 is divided by 165?
27
What is the remainder when 383 is divided by 16?
15
Calculate the remainder when 160 is divided by 55.
50
What is the remainder when 690 is divided by 9?
6
What is the remainder when 2522 is divided by 110?
102
What is the remainder when 201 is divided by 73?
55
Calculate the remainder when 64 is divided by 22.
20
What is the remainder when 8773 is divided by 4383?
7
Calculate the remainder when 545 is divided by 15.
5
Calculate the remainder when 373 is divided by 15.
13
Calculate the remainder when 296 is divided by 9.
8
Calculate the remainder when 493 is divided by 189.
115
Calculate the remainder when 211 is divided by 45.
31
Calculate the remainder when 2510 is divided by 16.
14
Calculate the remainder when 1059 is divided by 58.
15
Calculate the remainder when 128 is divided by 19.
14
What is the remainder when 106 is divided by 14?
8
What is the remainder when 5111 is divided by 72?
71
What is the remainder when 247 is divided by 18?
13
Calculate the remainder when 588 is divided by 37.
33
What is the remainder when 505 is divided by 232?
41
Calculate the remainder when 735 is divided by 90.
15
What is the remainder when 167 is divided by 84?
83
What is the remainder when 825 is divided by 12?
9
Calculate the remainder when 657 is divided by 19.
11
Calculate the remainder when 319 is divided by 81.
76
What is the remainder when 186 is divided by 39?
30
What is the remainder when 8287 is divided by 28?
27
What is the remainder when 266 is divided by 22?
2
What is the remainder when 299 is divided by 97?
8
What is the remainder when 89 is divided by 16?
9
Calculate the remainder when 784 is divided by 120.
64
Calculate the remainder when 1336 is divided by 1.
0
Calculate the remainder when 231 is divided by 124.
107
What is the remainder when 10402 is divided by 289?
287
What is the remainder when 53 is divided by 35?
18
What is the remainder when 701 is divided by 16?
13
What is the remainder when 395 is divided by 140?
115
Calculate the remainder when 68 is divided by 65.
3
What is the remainder when 518 is divided by 132?
122
Calculate the remainder when 344 is divided by 23.
22
Calculate the remainder when 2569 is divided by 99.
94
Calculate the remainder when 1146 is divided by 7.
5
Calculate the remainder when 4134 is divided by 46.
40
Calculate the remainder when 323 is divided by 12.
11
Calculate the remainder when 472 is divided by 6.
4
What is the remainder when 2419 is divided by 69?
4
Calculate the remainder when 418 is divided by 70.
68
Calculate the remainder when 9859 is divided by 29.
28
What is the remainder when 80 is divided by 7?
3
Calculate the remainder when 1745 is divided by 18.
17
Calculate the remainder when 532 is divided by 60.
52
What is the remainder when 638 is divided by 163?
149
Calculate the remainder when 2510 is divided by 8.
6
Calculate the remainder when 164 is divided by 70.
24
Calculate the remainder when 116 is divided by 66.
50
What is the remainder when 2214 is divided by 58?
10
Calculate the remainder when 651 is divided by 250.
151
Calculate the remainder when 4248 is divided by 250.
248
What is the remainder when 1854 is divided by 54?
18
What is the remainder when 10569 is divided by 3523?
0
Calculate the remainder when 841 is divided by 169.
165
What is the remainder when 162 is divided by 63?
36
What is the remainder when 28 is divided by 22?
6
Calculate the remainder when 5837 is divided by 42.
41
Calculate the remainder when 302 is divided by 75.
2
Calculate the remainder when 1629 is divided by 23.
19
What is the remainder when 277 is divided by 11?
2
Calculate the remainder when 106 is divided by 10.
6
Calculate the remainder when 286 is divided by 105.
76
What is the remainder when 218 is divided by 73?
72
Calculate the remainder when 616 is divided by 29.
7
What is the remainder when 442 is divided by 38?
24
Calculate the remainder when 1353 is divided by 61.
11
What is the remainder when 1975 is divided by 334?
305
Calculate the remainder when 740 is divided by 53.
51
Calculate the remainder when 605 is divided by 16.
13
Calculate the remainder when 384 is divided by 132.
120
Calculate the remainder when 3532 is divided by 207.
13
Calculate the remainder when 4049 is divided by 54.
53
Calculate the remainder when 282 is divided by 24.
18
Calculate the remainder when 1116 is divided by 161.
150
What is the remainder when 326 is divided by 42?
32
Calculate the remainder when 456 is divided by 23.
19
What is the remainder when 1617 is divided by 65?
57
Calculate the remainder when 1197 is divided by 240.
237
Calculate the remainder when 10856 is divided by 122.
120
Calculate the remainder when 67 is divided by 34.
33
Calculate the remainder when 87 is divided by 6.
3
Calculate the remainder when 179 is divided by 34.
9
Calculate the remainder when 213 is divided by 7.
3
What is the remainder when 954 is divided by 11?
8
What is the remainder when 226 is divided by 5?
1
What is the remainder when 898 is divided by 12?
10
Calculate the remainder when 1217 is divided by 58.
57
Calculate the remainder when 1634 is divided by 521.
71
What is the remainder when 701 is divided by 19?
17
What is the remainder when 704 is divided by 47?
46
What is the remainder when 64 is divided by 7?
1
What is the remainder when 308 is divided by 263?
45
Calculate the remainder when 183 is divided by 93.
90
What is the remainder when 950 is divided by 8?
6
Calculate the remainder when 377 is divided by 14.
13
What is the remainder when 314 is divided by 14?
6
Calculate the remainder when 1739 is divided by 26.
23
What is the remainder when 174 is divided by 72?
30
What is the remainder when 817 is divided by 56?
33
What is the remainder when 49 is divided by 27?
22
What is the remainder when 117 is divided by 20?
17
What is the remainder when 125 is divided by 7?
6
Calculate the remainder when 219 is divided by 23.
12
Calculate the remainder when 1331 is divided by 1283.
48
What is the remainder when 73 is divided by 32?
9
Calculate the remainder when 413 is divided by 97.
25
What is the remainder when 507 is divided by 128?
123
Calculate the remainder when 8095 is divided by 36.
31
Calculate the remainder when 8 is divided by 4.
0
Calculate the remainder when 136 is divided by 20.
16
What is the remainder when 115 is divided by 11?
5
What is the remainder when 357 is divided by 91?
84
What is the remainder when 425 is divided by 94?
49
What is the remainder when 75 is divided by 33?
9
Calculate the remainder when 9410 is divided by 269.
264
What is the remainder when 211 is divided by 24?
19
Calculate the remainder when 11 is divided by 7.
4
Calculate the remainder when 37445 is divided by 302.
299
Calculate the remainder when 3117 is divided by 48.
45
Calculate the remainder when 324 is divided by 319.
5
What is the remainder when 744 is divided by 42?
30
What is the remainder when 429 is divided by 54?
51
Calculate the remainder when 1595 is divided by 10.
5
What is the remainder when 61 is divided by 24?
13
What is the remainder when 156 is divided by 36?
12
What is the remainder when 900 is divided by 441?
18
Calculate the remainder when 3105 is divided by 42.
39
What is the r